c be m(-6). Let h = 866 - 866. Suppose -b + h*a = -4*a + 25, 0 = 2*b - 4*a + c. Let r(s) = s**2 + 6*s + 4. Give r(b).
-1
Let j be 36/4*(-3)/9*-1. Suppose -i + 1 - j = 0. Let b(c) = -3*c - 2. Calculate b(i).
4
Suppose -10 - 2 = -6*t. Let a(y) = -t*y - 13*y**3 + 2 + 9*y**3 + 3*y**3 - 7*y**2. Give a(-7).
16
Let y(p) = -p - 1. Let l(c) = 4*c + 6. Suppose 0 = -2*o - 0*o. Let h = o - -5. Let x(r) = h*y(r) + l(r). Determine x(3).
-2
Let t(p) be the third derivative of p**5/60 - 23*p**3/6 - 67*p**2. Give t(0).
-23
Let l be (-6 - -8)/(2/(-4)). Let q(c) = c**3 + 5*c**2 + 2*c - 2. Calculate q(l).
6
Let a(p) be the third derivative of -p**2 + 1/12*p**4 + 1/120*p**6 + 0 + 7/60*p**5 + 4/3*p**3 + 0*p. Give a(-7).
-6
Suppose -3*y - 96 = -5*y. Let x(o) = 23 + 24 - y - o**2 - 4*o + 3*o. What is x(-2)?
-3
Let p = -86 - -88. Suppose -2*u = -p*j + u + 25, 0 = j - 5*u - 30. Let o(g) = -g + 2. Give o(j).
-3
Let q(a) = 3*a**2 + 3*a**3 + a**2 - 1 - a**2 + 3*a**2 + 7*a. Let j(s) = -2*s**3 - 6*s**2 - 6*s + 2. Let i(w) = 4*j(w) + 3*q(w). What is i(6)?
-13
Let s(z) be the first derivative of -z**4/4 - 4*z**3/3 + 5*z**2/2 + 2*z - 238. Suppose 2*u = 3*u + 5. Determine s(u).
2
Suppose x - 13 = r, -5*x = -x - 2*r - 56. Let m(i) = -i + 7. Calculate m(x).
-8
Let m(u) be the second derivative of -u**4/12 + 5*u**3/3 - u**2 - 5*u - 9. What is m(7)?
19
Let i(d) = -d**3 + 3*d**2 + 6*d - 8. Suppose n - 107 = -103. Calculate i(n).
0
Suppose -7*y + 32 = -9*y. Let o be 8/2*6 - 3. Let a = o + y. Let c(u) = u**3 - 6*u**2 + 5*u - 2. Calculate c(a).
-2
Let n be (-42)/84 - 11/(-2). Let o(k) = k**3 - 3*k**2 + 2*k - 1. Determine o(n).
59
Let t(i) = -2*i + 3*i + 0*i - 16 + i. Calculate t(12).
8
Suppose 3*n - 8*n + 19 = 2*u, u - 2*n + 4 = 0. Suppose -6*q = -u*q. Let s(a) = 8 - 33*a**2 - a**3 + 2*a**3 + 32*a**2. Calculate s(q).
8
Let q(h) = 4*h + 6. Suppose d - 3*o - 95 = -o, -2*d = -5*o - 191. Let g = 84 - d. Calculate q(g).
-30
Let q(j) = -2*j**2 - 2*j + 3. Let k(m) = 2*m + 20. Let v(s) = -3*s - 19. Let u(x) = 5*k(x) + 4*v(x). Let n be u(11). Calculate q(n).
-9
Let u = -702 + 717. Let r(v) = v**3 - 14*v**2 - 15*v + 2. What is r(u)?
2
Suppose 7*z + 1234 = 1206. Let b(x) = x + 5. Give b(z).
1
Let z(u) = -2*u**2 + 2*u - 1. Let t be z(2). Let q = 44 - 42. Let k(a) = -4*a + 3 + 0*a + 139*a**q - 140*a**2. Determine k(t).
-2
Let m(v) be the third derivative of v**6/120 + v**5/10 - 5*v**4/24 + 40*v**2 + 1. Calculate m(-7).
-14
Let y(q) be the first derivative of -q**2/2 + 6*q - 1. Let j = -125 + 128. Give y(j).
3
Let a(j) = 5 + 25*j**2 - 1 - 24*j**2 - 2 - 5*j + 3*j. Determine a(7).
37
Let h(o) = -5*o**3 + 13*o**2 - 24*o - 32. Let d(j) = j**3 - 2*j**2 + 6*j + 8. Let w(y) = -9*d(y) - 2*h(y). Determine w(9).
19
Let o(p) = -p + 2. Let r = -5 - -5. Suppose r*t - 4*t + 17 = i, 2*t + 3*i = 1. Determine o(t).
-3
Let i(q) = 7*q - 13*q + 4*q + 45 - 43. Determine i(6).
-10
Let f(x) = x - 1. Let h(s) = -5*s + 5. Let k(i) = -6*f(i) - h(i). Let p be 3*(-80)/(-45)*-4*21/112. Calculate k(p).
5
Let h(z) be the first derivative of -z**3 - z**2/2 + z - 94. Let t(b) = -b**2 + 5*b + 1. Let y be t(4). Suppose 8 = m + y*k, 5*k = -2*m + 6 - 0. Determine h(m).
-9
Let c(b) = 0*b**2 + 16*b**2 - b**2 - 5*b**2 - 11*b**2. Calculate c(1).
-1
Let w be (-2)/4*(7 + -1). Let s(m) = m**2 + 3*m. What is s(w)?
0
Let q(d) = -d - 3. Suppose -3*o = -5*x - 5, -x + 5*o - 31 = -4*x. Let k be (x + -6)/(-3 - -1). Suppose -k*w = -w + a + 5, 20 = -w - 4*a. Calculate q(w).
-3
Let r(t) = 9*t**2 + 3*t - 4. Let d(m) = -2*m - 16 + 37 - 9*m**2 - 18. Let s(z) = -5*d(z) - 4*r(z). What is s(1)?
8
Suppose 6*z - 30 = z. Suppose -z*i + 8 = -2*i. Let b(y) = -15 + y + 2 - i*y**2 + 3*y**2. Give b(0).
-13
Let h = -51 + 89. Let n = 46 - h. Let a(o) be the third derivative of o**6/120 - 7*o**5/60 - 3*o**4/8 + 11*o**3/6 + o**2. Give a(n).
3
Let u(b) = b**3 + 3*b**2 + 4*b + 2. Let s(f) = f**3 + f + 14. Let t be s(0). Suppose -t*i + 10 = -19*i. Give u(i).
-2
Let z(u) = -u - 1. Suppose -4*t - 46 = -2*a - 3*a, -14 = -a + 2*t. Give z(a).
-7
Suppose 3*d = -2*s + 25, -s - d + 2 = -3*d. Suppose -s*t = -3*t. Let f(q) = -q**2 + q + 2. What is f(t)?
2
Let b(f) = f + f**2 + f**3 - 8*f**3 + 8*f**3 + 24. What is b(0)?
24
Suppose x - 5*x + 5*l = 8, -2*l + 5 = -x. Let d(h) be the second derivative of h**4/6 - 2*h**3/3 - 15*h + 6. Calculate d(x).
6
Let r = 25 - 21. Let w(m) = 3*m. What is w(r)?
12
Let y(h) = -h**3 + 4*h**2 - 5*h + 2. Suppose -x + 4 + 1 = 2*c, -c + 3*x = -6. Suppose -w = k, -c*k + 2*w + 9 = -1. Suppose i - k = 1. What is y(i)?
-4
Let h(w) = 5 - 2*w**2 + 22*w**3 - 21*w**3 + 2*w**2 - 6*w - 6 - 5*w**2. Let v(k) = -3*k - 3. Let n be v(-3). Calculate h(n).
-1
Let p(t) = -t**2 + 13*t + 11. Let k(o) = o**2 - 14*o - 13. Let y(c) = 4*k(c) + 5*p(c). What is y(8)?
11
Let c(v) be the first derivative of 20 + 4/3*v**3 - 1/2*v**2 + 0*v. Calculate c(1).
3
Let y(t) = t**3 + 10*t**2 + 5*t - 29. Let r be y(-9). Let v be (-2)/(-1) + (1 - -2). Let f = v - r. Let z(o) = -3*o**2 - o + 2. Give z(f).
-8
Let l(f) = 4*f - 2. Suppose 7*k = 3*p + 8*k + 9, -4*k - 15 = 5*p. Determine l(p).
-14
Let u(q) = 7*q + 10*q**2 + 5*q**3 - q**2 - q**2 - 8. Let y = 76 + -67. Let n(f) = f**3 + 2*f**2 + 2*f - 2. Let t(x) = y*n(x) - 2*u(x). Give t(3).
1
Let x be ((-2)/(-4))/(4/(-40)). Let y(j) be the second derivative of j**3/3 + 3*j**2/2 + 231*j + 1. Determine y(x).
-7
Let h(p) be the third derivative of -11*p**5/60 + 16*p**2. Let y(w) = 2*w + 21. Let n be y(-11). What is h(n)?
-11
Let f(o) = 20*o - 9. Let i(j) = -27*j + 11. Let w(z) = 4*f(z) + 3*i(z). Give w(10).
-13
Let a(w) = -5*w + 0*w + 0*w**2 + w**3 - 4*w**2 - 3 + 2*w**2. Let j be (-6)/9*-6*1. What is a(j)?
9
Let w be (-31)/4 - (15/12 + -1). Let p(c) = -4*c**3 + 7*c**2 - 8*c + 13. Let g(z) = 3*z**3 - 7*z**2 + 8*z - 12. Let v(u) = 5*g(u) + 4*p(u). What is v(w)?
-8
Let o(l) = -l**2 + 4*l - 3. Suppose 5*y - y = 48. Suppose 14 = r + y. Calculate o(r).
1
Let m be 2/(-3)*-3*(-6)/(-4). Suppose -y + m*g + 4 = 0, -4*y + 1 + 1 = 2*g. Let w(d) = -22*d + 1. What is w(y)?
-21
Let l be (-2 + (-16)/6)/((-2)/(-3)). Let f(n) = -13*n**2 - 13*n - 7. Let j(m) = 4*m**2 + 4*m + 2. Let y(k) = l*j(k) - 2*f(k). Give y(2).
-12
Let c be 2/((-4)/(-2))*-3. Let k(r) be the second derivative of -5/6*r**3 - r**2 - 1/12*r**4 + 0 + 4*r. Give k(c).
4
Let x(q) = q**2 - 7*q + 9. Suppose 0 = 25*r + 10 - 60. Calculate x(r).
-1
Let g(o) = o**2 - 10*o + 11. Let y be g(9). Let w(f) = -6*f + 30. Let p(x) = x - 6. Let c(a) = y*w(a) + 11*p(a). Determine c(0).
-6
Let o(w) = w**3 - w + 5. Let r = -3 - 0. Let q(m) = m**2 + 5*m + 2. Let n(a) = -a**2 - 6*a - 3. Let v(t) = -2*n(t) - 3*q(t). Let j be v(r). Determine o(j).
5
Let r(l) be the third derivative of l**5/60 + l**4/24 - 13*l**3/6 - 21761*l**2. Suppose 3*g - 2 = -5. Let k = g + 1. Calculate r(k).
-13
Let t(h) = -9 - 958801*h - 3 + 958800*h. Let l(o) = o**3 - 4*o**2 + o - 4. Let x be l(4). Determine t(x).
-12
Let f = 590 - 585. Let q(c) = -2*c**2 + 8*c - 4. Calculate q(f).
-14
Let q(c) be the second derivative of 5*c**3/6 + 9*c**2/2 + 2*c - 7. Let i be (-122)/18 + 20/(-90). Give q(i).
-26
Let g(t) = -t + 7. Let d = 45 - 17. Let q = d + -26. Suppose -3*x - 2 = -3*l + l, 15 = l + q*x. Calculate g(l).
0
Let y(c) = -2 - 5*c + c**2 - 12*c + 0*c**2 - 4*c + 19*c. Give y(4).
6
Suppose -3*g = 189 - 168. Let j(b) = b**2 + 8*b + 6. Give j(g).
-1
Suppose 87 = -16*l - 13*l. Let n(r) = -r**3 + 4*r + 1. What is n(l)?
16
Suppose -46*i + 71*i + 50 = 0. Let b(o) = -13*o + 1. Determine b(i).
27
Let u(i) = i**2 - 7*i. Let o(m) = -m. Let s(j) = 4*j + 11. Let x(c) = -2*o(c) - s(c). Let q be x(-9). What is u(q)?
0
Let u(r) = r**2 - 6*r - 3. Let w(p) = 2*p + 1. Let q be w(-2). Let k = -14 - q. Let g(s) = s**2 + 10*s - 5. Let b be g(k). What is u(b)?
-3
Let c(b) = -3*b. Let f(s) = -s + 1. Let j(i) = i**3 - 4*i - 3. Let x be j(-2). Let w(d) = 2*d - 8. Let y(t) = x*f(t) - w(t). Let v be y(-7). What is c(v)?
6
Suppose -40 = 13*d - 21*d. Let y(k) = -4*k + 16. Determine y(d).
-4
Let h(u) = u**3 + 3*u**2 - 9*u + 4. Let k(v) = v**2 - v + 1. Let b(t) = h(t) - 5*k(t). Let m = 2 - -1. Let n be b(m). Let a(d) = d**2 + 7*d + 5. What is a(n)?
-7
Let y(h) = 5*h - 5. Suppose 4*b - 5*b + 35 = 3*p, -3*p - 34 = -2*b. Suppose 4*u - 6*s = -5*s + b, -3*u - s + 12 = 0. Determine y(u).
20
Let